**3 - 3*c**2 - 32*c + 47. Let s be b(4). What is the highest common factor of s and 9271?
127
Let k(c) = -131*c + 18. Suppose 3*b - 4 = -4*f, -4*f - 12*b = -10*b. Let a be k(f). What is the highest common factor of a and 56?
56
Suppose -3666 = 2*p + 11*p. Let q be 5/(p/(-36) - 7). Calculate the highest common factor of 87 and q.
3
Let f = 1867 + -3474. Let c = f - -3742. Let i be 2/11 + c/55. What is the highest common factor of i and 13?
13
Let i(h) = -h**3 + 37*h**2 - 100*h + 1110. Let f be i(12). Calculate the greatest common factor of 108 and f.
54
Let l(g) = 620*g + 3108. Let z be l(-5). What is the highest common divisor of z and 968?
8
Let r(g) = -26 + 26 + 4*g - 2*g + 28. Let b be r(-12). Suppose -9*w = -b*w - 765. Calculate the highest common divisor of w and 17.
17
Suppose -460*y - 90048 = -527*y. What is the highest common divisor of y and 552?
24
Let y = -285 + 248. Let f = 245 + y. Calculate the greatest common divisor of 39 and f.
13
Suppose 2*o = 13*m - 9*m - 18, -4*m + 15 = -o. Suppose 0*g + 4*g = -16, -m*h = -3*g - 1119. Calculate the greatest common divisor of 41 and h.
41
Let v(h) = -h**2 - 30*h + 34. Let k be v(-31). Suppose 6*a = a - l + 60, -k*a = 2*l - 43. What is the highest common divisor of a and 176?
11
Let c be ((-1180)/2065)/(2/(-4823)). Calculate the greatest common divisor of 156 and c.
26
Suppose -2499 - 36767 = -611*x - 162. Calculate the greatest common divisor of x and 12.
4
Let x be ((-108)/45)/((-2)/(-85)). Let t = -99 - x. Suppose -3*p = -h - 15, -4*h = -t*h + 3. Calculate the highest common factor of p and 1.
1
Let i be 1 + (-62)/(-2) + 0. Let y(u) = 13*u - 24. Let c be y(-14). Let n = 302 + c. What is the greatest common divisor of n and i?
32
Suppose -80 - 24 = -5*c - 4*q, q - 44 = -2*c. Suppose 2*j + 2*k = c + 32, 56 = 2*j + 3*k. Calculate the greatest common divisor of j and 42.
14
Let k = -11317 + 13963. What is the greatest common factor of k and 54?
54
Suppose 13*r = 6*r + 119. Suppose 0 = r*a - 2070 + 132. What is the greatest common divisor of a and 76?
38
Let n(x) = -4*x - 16 - 7*x - 22 + 1. Let i be n(-11). Let c = i + -36. What is the highest common factor of c and 24?
24
Let r(v) = 11*v**2 - 7*v + 13. Suppose 4*m = -6*b + 3*b + 11, 2*b = -5*m + 19. Let x be r(m). Calculate the greatest common divisor of x and 23.
23
Let q = -115 + 111. Let i be -1 - (5 + (-360)/3 - q). What is the greatest common factor of i and 66?
22
Suppose -2*n - 4106 + 752 = -4*h, 6 = -2*n. What is the greatest common factor of 93 and h?
93
Let k(h) = 11*h - 11. Let w be k(3). Suppose 92*i - 62 = 94*i. Let n = i + 97. Calculate the highest common divisor of n and w.
22
Let p = -55 + 52. Let d(b) = -10*b - 30. Let h be d(p). Suppose -33 = -5*y + 3*u - 7*u, -5*y - 3*u + 31 = h. What is the highest common divisor of 1 and y?
1
Suppose 5355 = -32*k + 49*k. Suppose 0 = -3*x + 9*d - 13*d + 85, 2*x = -3*d + 57. What is the highest common factor of k and x?
9
Let y(u) = -12*u - 2 + 13*u + 186*u**2 - 66*u**2. Let r be y(2). Suppose -10*b + r = -0*b. Calculate the highest common divisor of b and 6.
6
Let h(s) = -s**3 - 9*s**2 - 16*s + 8. Suppose 9*b - 154 = 2*b. Let w be (b/33)/(2*1/(-21)). Let z be h(w). What is the highest common factor of 88 and z?
22
Let f be 5/(10/(-2724))*(21080/102)/(-31). What is the highest common divisor of 40 and f?
40
Let y(x) = x**3 - 19*x**2 - 5*x - 34. Let j be y(19). Let d = -125 - j. Suppose -r - 3 = -5, -104 = -d*o - 4*r. What is the greatest common divisor of 3 and o?
3
Suppose -7*i - 30 = -17*i. Suppose 4*q - 11 = -i. Let j be (-3 - q)/(4/(-28)). What is the greatest common divisor of j and 14?
7
Suppose 165*x + 51*x = -5*x + 101439. Calculate the highest common factor of x and 540.
27
Suppose -94344*w + 94364*w = 48360. Calculate the greatest common divisor of w and 26.
26
Let o = -31 + 18. Let b be o/52 - (-41)/4. Let c = 56 - -34. Calculate the highest common divisor of b and c.
10
Let j = 18838 + -15655. Calculate the highest common divisor of 9 and j.
3
Let s(r) = -2*r**2 - 5*r + 17. Let l be s(-4). Suppose 177 = 2*a - l*t, -2*a + 0*a + 2*t = -180. What is the highest common divisor of 65 and a?
13
Let u be -11 + 12 - 15 - -344. Calculate the highest common factor of 120 and u.
30
Suppose 4*w - 3*g - 381 = 0, -2*g + 375 = 4*w - 31. Suppose -w - 126 = -5*o. What is the greatest common divisor of 135 and o?
45
Suppose 3*j - 85 = 2*x, 3*x - 21 = -3*j + 2*j. Suppose 21*m - 8*m - 299 = 0. Suppose m + 31 = 6*o. What is the highest common divisor of o and j?
9
Suppose 3*f + 0*w - w - 409 = 0, -3*w + 269 = 2*f. Let x(s) = 27*s**2 - 97*s + 235. Let h be x(3). Calculate the highest common factor of f and h.
17
Suppose 140 = 12*r - 2*r. Suppose 0 = -r*i + 10*i. Suppose -13*u + 1923 - 103 = i. What is the highest common divisor of u and 35?
35
Let x(c) = -7*c - 26. Let f be x(-8). Suppose 5*g - 5546 = 4*a, -411 = -g + 3*a + 696. What is the greatest common divisor of g and f?
30
Suppose 88*b - 89 = 83*b - 2*c, -5*c + 4 = b. Let q = -249 + 686. Calculate the greatest common divisor of b and q.
19
Let y = 2847 + -2341. Calculate the highest common divisor of 440 and y.
22
Let c be 5/(-3)*6/2. Let n(f) = f**3 + 5*f**2 - f - 2. Let m be n(c). Suppose -19*v = -117 - 339. Calculate the greatest common factor of m and v.
3
Suppose -2*y + 297 = 5*g + 2*y, g - 72 = -5*y. Let q = g + -35. Let w be -264*-1*5/10. What is the highest common divisor of w and q?
22
Suppose 5*r - 5*o - 25 = -3*o, 4*o + 5 = -5*r. Let j(v) = 11*v**2 - 5*v - 4. Let h be j(r). Calculate the highest common divisor of 30 and h.
10
Suppose -102 - 87 = -2*b - 3*a, -a = -2*b + 201. What is the greatest common factor of 429 and b?
33
Let m = -6824 + 10240. Calculate the highest common divisor of 32 and m.
8
Suppose 648 = 3*b - 26*j + 23*j, 5*j = 30. Calculate the highest common divisor of 2775 and b.
111
Let p(a) = a**3 + a**2 + 99. Let m be p(0). Let s = -337342 - -337397. What is the highest common divisor of s and m?
11
Suppose -497*c + 1008*c - 495*c - 352 = 0. What is the highest common factor of c and 7392?
22
Suppose -5*d = -71 - 139. Let z be -5*9/((-45)/52). Suppose 4*v - 304 = -z. Calculate the highest common divisor of v and d.
21
Let o be 17 + (-12 - 15) + 2386. Calculate the highest common factor of o and 12.
12
Suppose -1299 = -4*d + 141. Let u(t) = 5*t**2 + 3282*t - 16400. Let q be u(5). What is the highest common divisor of d and q?
45
Suppose 5*z = q + 9, 5*q - 3*z + 145 = 2*z. Let r = q - -84. Let m = r - 33. Calculate the greatest common divisor of m and 85.
17
Suppose d = 6*d - 170. Let u = -12 + d. Let b = 46 + u. Calculate the greatest common factor of b and 17.
17
Let f(g) = -11*g**3 + 24*g**2 + 88*g + 19. Let l be f(-3). What is the highest common divisor of l and 28?
4
Let l(x) = x + 33. Let k be l(-26). Suppose 4*n + 3*s - 106 = 0, -5*n + 8*n = -2*s + 80. Calculate the highest common factor of n and k.
7
Let m be (-448)/(-6) - ((-56)/(-12) + -5). Suppose 0 = 134*g - 131*g - m. Calculate the highest common divisor of g and 400.
25
Let z be (48/14)/((-38)/(-2261)). Let m = 294 - z. What is the greatest common factor of m and 54?
18
Suppose 0 = -30*c - 920 + 1100. What is the greatest common factor of c and 8322?
6
Suppose -b - 4*x = 0, 0 = -20*b + 15*b + 2*x + 22. Calculate the highest common divisor of b and 274.
2
Suppose -23*d + 24*d = 378. Suppose 100 = 2*g + 4*x, g - 8*x - 48 = -11*x. What is the greatest common factor of g and d?
54
Let y be (-888748)/(-1288) + 5/(-230). Calculate the highest common divisor of 1860 and y.
30
Let n(z) = -4 + 3 - 2*z**2 - 3 + 3*z**2. Let p be n(3). Let g be ((-26)/4)/(1/(3 - p)). What is the highest common factor of g and 104?
13
Let i(d) = d**2 - 1. Let z(u) = -u**3 + 4*u**2 - 27*u + 30. Let b(j) = -6*i(j) - z(j). Let n be b(7). What is the highest common factor of n and 594?
18
Suppose 2*m = 44*v - 41*v + 84, 0 = 3*v - 12. Calculate the greatest common divisor of 544 and m.
16
Suppose 0 = -2*f - 3*y - 4, 2*y = 2*f + 3*y. Let a be (46 - f)*(-19)/(-57)*6. Calculate the greatest common divisor of a and 30.
30
Let s = -51 + 53. Suppose 2*h + 5*l = -19, 5*h + 4*l + 3 = -s. Suppose 0 = 3*r - 2*m - 24, h = 2*r - r + m. What is the greatest common factor of r and 48?
6
Let a(s) = 2*s